(5 - (3 + -3)))?
9
What is the value of 4 - (-2 + 2 + 2 + -1)?
3
Evaluate -10 + 13 + (-1 + 1 - 8).
-5
What is the value of -5 - (-3 + -4 + 3)?
-1
What is 9 - (9 - (-5 - (-6 + -3)))?
4
-1 + (-3 - (-6 - -4))
-2
What is (-5 - -1) + 19 + -9?
6
Evaluate 3 - ((4 - -5) + -6).
0
3 + -4 + -9 + 18
8
What is the value of 3 + (1 - -4 - 8) - -3?
3
-9 + 25 + -8 + (1 - 19)
-10
(0 - 1) + (1 - (2 + -9))
7
What is -1 + 4 - (0 + 7)?
-4
0 - (5 + 13 + -11)
-7
(-6 - 0) + (11 - 0) + -9
-4
Evaluate (-14 - -9) + (0 - -10).
5
What is the value of -3 + 1 + (18 - 36 - -11)?
-9
What is the value of (3 - (8 + -6)) + -3?
-2
Evaluate (3 - 0) + -4 + 4.
3
What is the value of -3 + 1 + 2 - (-4 + 0)?
4
Calculate 2 + -2 + -5 + 4.
-1
What is the value of -3 + (-2 - -2 - -3) + -2?
-2
Calculate 3 + (-6 - 1) + 1 + 1.
-2
What is the value of 11 - (-2 + 2 + 5)?
6
What is the value of 9 + 0 + -11 + -2?
-4
What is 4 + -2 - 2 - (9 + -7)?
-2
What is 2 + -9 + 14 + -3 + -1?
3
Calculate -2 + 9 + (-1 - 2).
4
What is 3 - 5 - ((1 - 1) + -3)?
1
Evaluate (-3 - 0) + (8 - 2).
3
Evaluate 1 + 3 + -6 + (-9 - -8).
-3
2 - ((-2 + 3 - 0) + -2)
3
What is 2 + 8 - 7 - (1 - 1)?
3
Calculate 2 + (2 - (-2 - -3)) + 0.
3
-3 + (1 - (3 - 1))
-4
What is 14 + (2 - 13) - (-1 + -1)?
5
-2 - -9 - (9 - 6)
4
What is the value of (-3 - 1) + 14 + (3 - 8)?
5
What is -48 + 49 - (1 - 3)?
3
What is 0 + -1 - (-10 + 7)?
2
What is -10 + 3 + 5 + 4 + -8?
-6
What is -4 + -12 + 5 + (-1 - -5)?
-7
What is 0 + -1 + (3 - 7)?
-5
-2 + 6 + -7 - (-2 + 1)
-2
-21 - -18 - (-9 - 2)
8
Calculate 4 - 4 - (1 + -1) - 2.
-2
Evaluate -5 + 0 - (-1 - 0).
-4
Evaluate -1 - (-4 - (-5 + -1 + 2)).
-1
Calculate -58 + 62 - (0 - (1 - -3)).
8
1 - 11 - (41 - 46)
-5
-7 - ((-7 - -10) + -5)
-5
What is 0 + (6 - 11) + 0 + 1?
-4
Calculate -3 + 14 + -8 - (9 + -5).
-1
Calculate -1 + 5 - 3 - (45 - 52).
8
Evaluate 16 - (17 + -10 - -1).
8
Evaluate 7 - (-2 + 7 - 1).
3
1 + (0 - -6) + -1 + -8
-2
Calculate 7 + 1 - (-57 + 63).
2
Evaluate (-1 - -2) + (-3 + 2 - 3).
-3
Calculate 0 + (-3 + 5 - 7).
-5
Evaluate 10 + -1 + (-21 - -21) - 4.
5
10 + (10 - 21) + -1 + 0
-2
-1 + -4 + 6 + -1 - -7
7
What is 2 + (-5 - (-1 - 10) - 8)?
0
6 - 2 - -4 - 4
4
What is the value of (2 + 1 - (-4 + 4)) + -1?
2
(6 + 3 - 2) + (-39 - -38)
6
Evaluate -1 - (-5 - (-1 + -3)).
0
What is -1 - 4 - (6 - 11)?
0
What is the value of -2 + -1 - ((2 - 2) + 2)?
-5
1 - (1 + (-4 - -7))
-3
What is -4 + (-5 - -9 - (-3 + 5))?
-2
What is the value of (9 - (17 + -4)) + 3 + 1?
0
Evaluate (5 - (4 - 1)) + -6.
-4
Evaluate -8 - (-6 + 0 + 1).
-3
What is 2 + (8 - (5 + 0))?
5
What is 6 - (18 - (4 - 1))?
-9
3 + (-7 - (-5 - -2))
-1
What is 4 - (3 - 3) - (13 + -15)?
6
What is the value of 1 + -3 + -1 - -2?
-1
(-4 - -3) + (8 - 12)
-5
Evaluate -2 - (6 + -3) - -3.
-2
What is the value of 1 - (0 - (-1 + 4))?
4
What is -8 + (-9 - -5) + 6 + 4?
-2
What is the value of -9 - 2 - -10 - (1 - 8)?
6
Calculate 1 - (-1 + 3 + 1).
-2
What is the value of 8 - (1 - (2 - 4))?
5
Evaluate -2 + (2 - -4) + -9.
-5
Calculate (0 - 2) + 10 + -11.
-3
9 + (2 - (5 + 2)) - -1
5
Calculate 1 + 0 + 1 + -3.
-1
What is the value of 10 + -3 + (-6 - -2)?
3
What is -10 + (-3 - -1) + 2 - -4?
-6
8 + 11 + (1 - 24)
-4
Calculate -1 + (-10 - -10 - (-1 - 2)).
2
Evaluate (-3 - -2) + (0 - -3 - -1).
3
What is -1 + -1 - (17 - 19)?
0
Calculate -2 - (5 + 0 - (0 + 2)).
-5
-4 - (-3 - (-3 - -7))
3
Evaluate (-12 - (-12 - 5)) + -11.
-6
What is the value of 6 - (-7 + 4 + -4 + 15)?
-2
Evaluate -6 + -7 + 19 + (-4 - 0).
2
Evaluate (-1 + 0 - 6) + (-92 - -101).
2
What is the value of -2 + -9 - (6 - 13)?
-4
What is 3 + 2 - (11 + -4 - 6)?
4
1 + (-1 - (-4 + -1))
5
Calculate (1 - -4 - 4) + -6.
-5
What is the value of 0 - (7 + -2) - -3 - 1?
-3
What is -6 + -1 + (5 - 0)?
-2
What is -2 - (3 + (1 - 2))?
-4
Evaluate -4 - (-7 + 3 - (-2 + -1)).
-3
What is (-2 - (-2 + 3) - -1) + -1?
-3
What is the value of (23 - 25 - (-8 + 1)) + 2?
7
(4 - 3) + -1 + 7 + -9
-2
-2 - (-6 + (7 - (3 - 2)))
-2
Calculate 2 - (-4 - -2 - (7 - 6)).
5
Calculate 4 - (4 - (-1 - -4)) - 7.
-4
(3 + -6 - 3) + 3
-3
Calculate 13 - 3 - (67 + -54).
-3
What is the value of 10 - (-7 + 16 + -2 - 3)?
6
-11 + -8 + (20 - 11)
-10
Evaluate -1 - (5 + -8 - 2).
4
Evaluate (-8 - (2 - 7)) + 1 + 5.
3
What is the value of 0 + (-3 - -1 - 1 - 0)?
-3
Calculate (2 - (-4 + 1)) + (-148 - -151).
8
What is the value of -5 + 14 - (-5 + 14)?
0
Evaluate 10 + (3 - (-3 + 7)) + -4.
5
Evaluate -4 + 3 + -3 + (2 - 1).
-3
Evaluate 0 + 0 + 3 + 5 + -8.
0
1 - ((-5 - -5) + 2)
-1
9 + -3 + -2 + 0
4
What is the value of 3 - (7 - (-1 - -4))?
-1
Calculate 0 + 0 - (2 + -4 - -2).
0
2 + 0 + 2 + 1
5
Evaluate (42 - 42) + (-17 - -1) - -8.
-8
Calculate -5 - -11 - (-5 - -8) - 1.
2
What is 3 - (5 - 3) - 2?
-1
Evaluate -3 + 6 - 12 - (-52 - -44).
-1
What is the value of (-3 - -2 - 2) + 2 + 0?
-1
Calculate 3 + (-1 + 1 - -1) - -1.
5
Evaluate 0 + -3 + 3 + 7 + -8.
-1
What is the value of 3 + 3 - (2 + 2 - 7)?
9
3 - 8 - 0 - -4
-1
Evaluate -2 - -2 - (8 - 10) - -2.
4
What is the value of (2 - (0 + 0)) + 2?
4
What is 1 - (-14 - 3) - 12?
6
-1 - (1 - (-3 + 3)) - 0
-2
What is (-7 - -9) + -8 - -13?
7
Calculate 6 - -1 - -1 - 3.
5
-2 + (-16 - -10) - -11
3
What is 3 + (1 - 6) + 2?
0
-6 + 2 - (0 + -9)
5
Evaluate -1 + 7 + 1 - 3.
4
What is 2 - (-2 + 0) - (-10 - -10)?
4
Evaluate -4 - (-6 + -4 + 1).
5
What is the value of 5 + 2 + -7 + -5?
-5
Evaluate (-3 - -2) + -2 + 1.
-2
-2 - (3 + 4) - (3 + -5)
-7
What is the value of 7 + (-4 - (-5 + 4))?
4
Evaluate 5 - (-1 + -5 + 8 + 0).
3
What is 3 - (6 - 6 - (-1 - 3))?
-1
What is the value of 10 + -6 + -4 - 1?
-1
-3 + -4 - (-3 - -1)
-5
What is the value of -28 - -16 - (-11 + 1)?
-2
-6 - (-28 - -29 - (-1 + 5))
-3
What is (3 - (-2 + (-4 - -10))) + 5?
4
What is the value of (2 + 9 - 26) + 12?
-3
Calculate 0 + -2 + 7 + -5.
0
Evaluate -2 + (5 - 6) - (1 + -1).
-3
7 + -2 + -4 - -1
2
Evaluate 8 + -4 + 0 - 9.
-5
Calculate 6 - 7 - (-3 - (1 - 2)).
1
Evaluate -3 + -5 + -1 + 0 + 9.
0
Calculate (-1 - 1) + -6 + -1 + 4.
-5
Calculate -4 + (11 + -6 - (5 + 0)).
-4
What is 0 + 3 + 0 + (-4 - 2)?
-3
Calculate 8 - (3 + (2 - 6)) - 5.
4
What is (-1 + -1 - (48 - 46)) + 5?
1
What is (-3 + 3 - (-1 - 2)) + -4?
-1
(2 - (8 + -17)) + -6
5
What is the value of 1 + -2 + 0 + (9 - 3)?
5
5 + -1 + (-29 - -31)
6
What is the value of 2 - -1 - (-2 + 0)?
5
What is (-9 - 4) + 5 + 5?
-3
(-5 - -7) + -8 + 3 + -2
-5
What is 0 + -1 + 2 + -1 + -3?
-3
What is the value of 6 + 2 + (-3 - 2)?
3
Evaluate (13 + 0 - 16) + -2 + 1.
-4
What is the value of 25 - 20 - (1 + 6)?
-2
What is 1 + 8 - (-70 - -83)?
-4
What is (-1 - -7) + (3 + 1 - 11)?
-1
What is the value of 6 - 1 - -2 - 5?
2
Calculate 14 - 19 - (-3 + 2).
-4
Evaluate (-17 - -17) + (-9 - -5) + 2.
-2
Calculate 5 + (-10 + -7 - (4 + -8)).
-8
Calculate 3 + -5 + -3 + 3.
-2
What is the value of -1 + (-45 - -38) + 8 + 0?
0
What is -2 + (-7 - -2) + (61 - 55)?
-1
What is (8 - (21 + -10)) + -1?
-4
Evaluate -2 + 1 - (-2 + -2 + 2).
1
What is the value of -2 + 7 + -3 - (-5 - -2)?
5
What is the value of 6 - (-2 - (-7 - -2))?
3
-4 + 7 + 4 + -10 + 4
1
Calculate (1 - 1) + -3 + -20 + 19.
-4
8 - (1 + (3 + -8 - -9))
3
What is 2 + (-32 - -29) + 0 + -1?
-2
What is (-39 - -31) + 1 + 0 - -10?
3
55 - 51 - (-1 + 5 + 2)
-2
What is (-13 - (-5 - -1)) + 4 - 2?
-7
Evaluate -10 + 2 + 9 + 1.
2
What is (0 - 2) + (-7 - -5)?
-4
What is 43 + -34 + 1 + -8?
2
What is the value of (4 + -1 - 1) + 5 + -10?
-3
What is 1 - (0 + 4 + -1 + 1)?
-3
What is 8 - 19 - (-4 + -2)?
-5
Evaluate -5 + -11 + -8 + 14.
-10
What is (3 - 10 - -11) + -8?
-4
What is the value of -3 + 1 + 2 + -1 + -2?
-3
What is the value of 5 + -14 + 4 - (0 - 1)?
-4
What is the value of 1 + -2 - -9 - 8?
0
What is the value of -2 + 0 - (0 + -3) - -2?
3
What is the value of (-2 - -4 - 7 - 2) + 1?
-6
Calculate -1 - 5 - (2 + 4 + -9).
-3
What is the value of 10 - (-1 + (-4 - -11))?
4
What is -1 + -3 + (-4 - -4) + 0?
-4
Evaluate -9 + (-1 - -5) + 6 + 5.
6
Calculate (9 - (-13 - -29)) + 2.
-5
Calculate (5 + -4 - 2) + 0.
-1
Evaluate (-2 - 0) + -6 + (-6 - -12).
-2
What is the value of 1 + -2 + 4 + 2?
5
What is 6 + (-2 + -4 - -1) + 2?
3
9 - (-7 + 21 + -10)
5
Calculate (10 + -4 - 4) + -2 + 1.
1
(6 - 8) + (3 - 0)
1
What is (1 - -2 - (0 + 2)) + -1?
0
What is the value of -5 + (5 - 6) + 2?
-4
-4 - (2 + -4 + 0)
-2
44 - 52 - (0 + -4)
-4
What is the value of -9 - (-6 + 3) - (-1 + 0)?
-5
